{"id":737,"date":"2019-09-25T14:50:42","date_gmt":"2019-09-25T14:50:42","guid":{"rendered":"http:\/\/www.vanaco.nl\/?page_id=737"},"modified":"2019-09-25T14:51:26","modified_gmt":"2019-09-25T14:51:26","slug":"wohnung-fur-arbeitsmigranten","status":"publish","type":"page","link":"https:\/\/www.vanaco.nl\/index.php\/de\/wohnung-fur-arbeitsmigranten\/","title":{"rendered":"Wohnung f\u00fcr Arbeitsmigranten"},"content":{"rendered":"<\/div><\/div><\/div><!-- close content main div --><\/div><\/div><div id='full_slider_1' class='avia-fullwidth-slider main_color avia-shadow   container_wrap fullsize'   ><div  data-size='featured_large'  data-lightbox_size='large'  data-animation='slide'  data-ids='517'  data-video_counter='0'  data-autoplay='false'  data-bg_slider='false'  data-slide_height=''  data-handle='av_slideshow_full'  data-interval='5'  data-class=' '  data-css_id=''  data-scroll_down=''  data-control_layout='av-control-default'  data-custom_markup=''  data-perma_caption=''  data-autoplay_stopper=''  data-image_attachment=''  data-min_height='0px'  data-src=''  data-position='top left'  data-repeat='no-repeat'  data-attach='scroll'  data-stretch=''  data-default-height='42'  class='avia-slideshow avia-slideshow-1  av-control-default av-default-height-applied avia-slideshow-featured_large av_slideshow_full   avia-slide-slider '  itemscope=\"itemscope\" itemtype=\"https:\/\/schema.org\/ImageObject\" ><ul class='avia-slideshow-inner' style='padding-bottom: 42%;'><li  class=' av-single-slide slide-1 ' ><div data-rel='slideshow-1' class='avia-slide-wrap'  ><div class = \"caption_fullwidth av-slideshow-caption caption_left\"><div class = \"container caption_container\"><div class = \"slideshow_caption\"><div class = \"slideshow_inner_caption\"><div class = \"slideshow_align_caption\"><h2  class='avia-caption-title '  itemprop=\"name\" >Wohnung f\u00fcr Arbeitsmigranten<\/h2><\/div><\/div><\/div><\/div><\/div><img src='https:\/\/www.vanaco.nl\/wp-content\/uploads\/2018\/03\/vanacolayer9-1500x630.jpg' width='1500' height='630' title='vanacolayer9' alt=''  itemprop=\"thumbnailUrl\"   \/><\/div><\/li><\/ul><\/div><\/div>\n<div class=\"flex_column av_one_half  flex_column_div av-zero-column-padding first  \" style='border-radius:0px; '><p><div style='padding-bottom:10px;' class='av-special-heading av-special-heading-h2  blockquote modern-quote   '><h2 class='av-special-heading-tag '  itemprop=\"headline\"  >Wohnung f\u00fcr Arbeitsmigranten<\/h2><div class='special-heading-border'><div class='special-heading-inner-border' ><\/div><\/div><\/div><br \/>\n<section class=\"av_textblock_section \"  itemscope=\"itemscope\" itemtype=\"https:\/\/schema.org\/CreativeWork\" ><div class='avia_textblock  '   itemprop=\"text\" ><p>Wenn Sie mit Arbeitsmigranten oder Leiharbeitnehmern arbeiten, ist es wichtig, ihnen eine gute Unterkunft zu bieten. Vanaco BV bietet hochwertige Unterbringungsm\u00f6glichkeiten f\u00fcr die Unterbringung der Mitarbeiter. In unseren Wohnr\u00e4umen ist es angenehm zu leben, damit Ihre Zeitarbeitskr\u00e4fte bequem wohnen.<\/p>\n<p>Wir haben verschiedene Optionen an verschiedenen Standorten in den Niederlanden und in den Nachbarl\u00e4ndern f\u00fcr einen kurzen und l\u00e4ngeren Zeitraum, m\u00f6glicherweise angepasst.<\/p>\n<p>Mail f\u00fcr weitere Informationen.<\/p>\n<\/div><\/section><br \/>\n<div class='avia-button-wrap avia-button-left '><a href='https:\/\/www.vanaco.nl\/index.php\/de\/kontakt\/' class='avia-button   avia-icon_select-no avia-color-theme-color avia-size-large avia-position-left '   ><span class='avia_iconbox_title' >Kontakt<\/span><\/a><\/div><\/p><\/div><div class=\"flex_column av_one_half  flex_column_div av-zero-column-padding   \" style='border-radius:0px; '><div class='avia-image-container  av-styling-    avia-align-center '  itemscope=\"itemscope\" itemtype=\"https:\/\/schema.org\/ImageObject\"  ><div class='avia-image-container-inner'><img class='avia_image ' src='https:\/\/www.vanaco.nl\/wp-content\/uploads\/2018\/03\/vanacolayer8.jpg' alt='' title='vanacolayer8'   itemprop=\"thumbnailUrl\"  \/><\/div><\/div><\/div><\/p>\n","protected":false},"excerpt":{"rendered":"","protected":false},"author":3,"featured_media":0,"parent":0,"menu_order":0,"comment_status":"closed","ping_status":"closed","template":"","meta":{"footnotes":""},"class_list":["post-737","page","type-page","status-publish","hentry"],"_links":{"self":[{"href":"https:\/\/www.vanaco.nl\/index.php\/wp-json\/wp\/v2\/pages\/737","targetHints":{"allow":["GET"]}}],"collection":[{"href":"https:\/\/www.vanaco.nl\/index.php\/wp-json\/wp\/v2\/pages"}],"about":[{"href":"https:\/\/www.vanaco.nl\/index.php\/wp-json\/wp\/v2\/types\/page"}],"author":[{"embeddable":true,"href":"https:\/\/www.vanaco.nl\/index.php\/wp-json\/wp\/v2\/users\/3"}],"replies":[{"embeddable":true,"href":"https:\/\/www.vanaco.nl\/index.php\/wp-json\/wp\/v2\/comments?post=737"}],"version-history":[{"count":3,"href":"https:\/\/www.vanaco.nl\/index.php\/wp-json\/wp\/v2\/pages\/737\/revisions"}],"predecessor-version":[{"id":742,"href":"https:\/\/www.vanaco.nl\/index.php\/wp-json\/wp\/v2\/pages\/737\/revisions\/742"}],"wp:attachment":[{"href":"https:\/\/www.vanaco.nl\/index.php\/wp-json\/wp\/v2\/media?parent=737"}],"curies":[{"name":"wp","href":"https:\/\/api.w.org\/{rel}","templated":true}]}}

Wohnung für Arbeitsmigranten

</div></div></div><!-- close content main div --></div></div><div id='full_slider_1' class='avia-fullwidth-slider main_color avia-shadow   container_wrap fullsize'   ><div  data-size='featured_large'  data-lightbox_size='large'  data-animation='slide'  data-ids='517'  data-video_counter='0'  data-autoplay='false'  data-bg_slider='false'  data-slide_height=''  data-handle='av_slideshow_full'  data-interval='5'  data-class=' '  data-css_id=''  data-scroll_down=''  data-control_layout='av-control-default'  data-custom_markup=''  data-perma_caption=''  data-autoplay_stopper=''  data-image_attachment=''  data-min_height='0px'  data-src=''  data-position='top left'  data-repeat='no-repeat'  data-attach='scroll'  data-stretch=''  data-default-height='42'  class='avia-slideshow avia-slideshow-1  av-control-default av-default-height-applied avia-slideshow-featured_large av_slideshow_full   avia-slide-slider '  itemscope="itemscope" itemtype="https://schema.org/ImageObject" ><ul class='avia-slideshow-inner' style='padding-bottom: 42%;'><li  class=' av-single-slide slide-1 ' ><div data-rel='slideshow-1' class='avia-slide-wrap'  ><div class = "caption_fullwidth av-slideshow-caption caption_left"><div class = "container caption_container"><div class = "slideshow_caption"><div class = "slideshow_inner_caption"><div class = "slideshow_align_caption"><h2  class='avia-caption-title '  itemprop="name" >Wohnung für Arbeitsmigranten</h2></div></div></div></div></div><img src='https://www.vanaco.nl/wp-content/uploads/2018/03/vanacolayer9-1500x630.jpg' width='1500' height='630' title='vanacolayer9' alt=''  itemprop="thumbnailUrl"   /></div></li></ul></div></div>
<div class="flex_column av_one_half  flex_column_div av-zero-column-padding first  " style='border-radius:0px; '><p><div style='padding-bottom:10px;' class='av-special-heading av-special-heading-h2  blockquote modern-quote   '><h2 class='av-special-heading-tag '  itemprop="headline"  >Wohnung für Arbeitsmigranten</h2><div class='special-heading-border'><div class='special-heading-inner-border' ></div></div></div><br />
<section class="av_textblock_section "  itemscope="itemscope" itemtype="https://schema.org/CreativeWork" ><div class='avia_textblock  '   itemprop="text" ><p>Wenn Sie mit Arbeitsmigranten oder Leiharbeitnehmern arbeiten, ist es wichtig, ihnen eine gute Unterkunft zu bieten. Vanaco BV bietet hochwertige Unterbringungsmöglichkeiten für die Unterbringung der Mitarbeiter. In unseren Wohnräumen ist es angenehm zu leben, damit Ihre Zeitarbeitskräfte bequem wohnen.</p>
<p>Wir haben verschiedene Optionen an verschiedenen Standorten in den Niederlanden und in den Nachbarländern für einen kurzen und längeren Zeitraum, möglicherweise angepasst.</p>
<p>Mail für weitere Informationen.</p>
</div></section><br />
<div class='avia-button-wrap avia-button-left '><a href='https://www.vanaco.nl/index.php/de/kontakt/' class='avia-button   avia-icon_select-no avia-color-theme-color avia-size-large avia-position-left '   ><span class='avia_iconbox_title' >Kontakt</span></a></div></p></div><div class="flex_column av_one_half  flex_column_div av-zero-column-padding   " style='border-radius:0px; '><div class='avia-image-container  av-styling-    avia-align-center '  itemscope="itemscope" itemtype="https://schema.org/ImageObject"  ><div class='avia-image-container-inner'><img class='avia_image ' src='https://www.vanaco.nl/wp-content/uploads/2018/03/vanacolayer8.jpg' alt='' title='vanacolayer8'   itemprop="thumbnailUrl"  /></div></div></div></p>
