{"id":594,"date":"2018-03-05T14:45:17","date_gmt":"2018-03-05T14:45:17","guid":{"rendered":"http:\/\/www.vanaco.nl\/?page_id=594"},"modified":"2018-03-05T15:02:23","modified_gmt":"2018-03-05T15:02:23","slug":"partner","status":"publish","type":"page","link":"https:\/\/www.vanaco.nl\/index.php\/de\/partner\/","title":{"rendered":"Partner"},"content":{"rendered":"<\/div><\/div><\/div><!-- close content main div --><\/div><\/div><div id='full_slider_1' class='avia-fullwidth-slider main_color avia-shadow   container_wrap fullsize'   ><div  data-size='featured_large'  data-lightbox_size='large'  data-animation='fade'  data-ids='526,525'  data-video_counter='0'  data-autoplay='false'  data-bg_slider='false'  data-slide_height=''  data-handle='av_slideshow_full'  data-interval='5'  data-class=' '  data-css_id=''  data-scroll_down=''  data-control_layout='av-control-minimal'  data-custom_markup=''  data-perma_caption=''  data-autoplay_stopper=''  data-image_attachment=''  data-min_height='500px'  data-src=''  data-position='top left'  data-repeat='no-repeat'  data-attach='scroll'  data-stretch=''  data-default-height='42'  class='avia-slideshow avia-slideshow-1  av-control-minimal av-default-height-applied avia-slideshow-featured_large av_slideshow_full   avia-fade-slider '  itemscope=\"itemscope\" itemtype=\"https:\/\/schema.org\/ImageObject\" ><ul class='avia-slideshow-inner' style='padding-bottom: 42%;'><li  class=' slide-1 ' ><div data-rel='slideshow-1' class='avia-slide-wrap'  ><div class = \"caption_fullwidth av-slideshow-caption caption_left\"><div class = \"container caption_container\"><div class = \"slideshow_caption\"><div class = \"slideshow_inner_caption\"><div class = \"slideshow_align_caption\"><h2  style='font-size:30px; ' class='avia-caption-title '  itemprop=\"name\" >Partner von VANACO BV<\/h2><div class='avia-caption-content  av_inherit_color'  itemprop=\"description\"   style='font-size:15px; '><p>VANACO BV rekrutiert Vertr\u00e4ge f\u00fcr seine ausl\u00e4ndischen Partner in Westeuropa<\/p>\n<\/div><a href='#partners'  class='avia-slideshow-button avia-button avia-color-light avia-multi-slideshow-button' data-duration='800' data-easing='easeInOutQuad'>Mehr lesen<\/a><a href='https:\/\/www.vanaco.nl\/index.php\/de\/kontakt\/'  class='avia-slideshow-button avia-button avia-color-light avia-multi-slideshow-button avia-slideshow-button-2' data-duration='800' data-easing='easeInOutQuad'>Kontakt<\/a><\/div><\/div><\/div><\/div><\/div><img src='https:\/\/www.vanaco.nl\/wp-content\/uploads\/2018\/03\/partners2-1500x630.jpg' width='1500' height='630' title='partners2' alt=''  itemprop=\"thumbnailUrl\"  style='min-height:500px; min-width:1191px; ' \/><\/div><\/li><li  class=' slide-2 ' ><div data-rel='slideshow-1' class='avia-slide-wrap'  ><div class = \"caption_fullwidth av-slideshow-caption caption_left\"><div class = \"container caption_container\"><div class = \"slideshow_caption\"><div class = \"slideshow_inner_caption\"><div class = \"slideshow_align_caption\"><h2  style='font-size:30px; ' class='avia-caption-title '  itemprop=\"name\" >Partners van VANACO BV<\/h2><div class='avia-caption-content  av_inherit_color'  itemprop=\"description\"   style='font-size:15px; '><p>VANACO BV werft voor haar buitenlandse partners opdrachten in West-Europa<\/p>\n<\/div><a href='#partners'  class='avia-slideshow-button avia-button avia-color-light avia-multi-slideshow-button' data-duration='800' data-easing='easeInOutQuad'>Lees meer<\/a><a href='https:\/\/www.vanaco.nl\/index.php\/contact\/'  class='avia-slideshow-button avia-button avia-color-light avia-multi-slideshow-button avia-slideshow-button-2' data-duration='800' data-easing='easeInOutQuad'>Contact<\/a><\/div><\/div><\/div><\/div><\/div><img src='https:\/\/www.vanaco.nl\/wp-content\/uploads\/2018\/03\/partners1-1500x630.jpg' width='1500' height='630' title='partners1' alt=''  itemprop=\"thumbnailUrl\"  style='min-height:500px; min-width:1191px; ' \/><\/div><\/li><\/ul><div class='avia-slideshow-arrows avia-slideshow-controls'><a href='#prev' class='prev-slide' aria-hidden='true' data-av_icon='\ue87c' data-av_iconfont='entypo-fontello'>Vorige<\/a><a href='#next' class='next-slide' aria-hidden='true' data-av_icon='\ue87d' data-av_iconfont='entypo-fontello'>Volgende<\/a><\/div><div class='avia-slideshow-dots avia-slideshow-controls'><a href='#1' class='goto-slide active' >1<\/a><a href='#2' class='goto-slide ' >2<\/a><\/div><\/div><\/div>\n<\/div><\/div><\/div><!-- close content main div --><\/div><\/div><div id='partners' class='avia-section main_color avia-section-huge avia-no-border-styling avia-bg-style-scroll   container_wrap fullsize'   ><div class='container' ><div class='template-page content  av-content-full alpha units'><div class='post-entry post-entry-type-page post-entry-594'><div class='entry-content-wrapper clearfix'>\n<div style='padding-bottom:20px;font-size:40px;' class='av-special-heading av-special-heading-h1  blockquote modern-quote modern-centered   av-inherit-size '><h1 class='av-special-heading-tag '  itemprop=\"headline\"  >Partners<\/h1><div class='special-heading-border'><div class='special-heading-inner-border' ><\/div><\/div><\/div>\n<div style='height:50px' class='hr hr-invisible  '><span class='hr-inner ' ><span class='hr-inner-style'><\/span><\/span><\/div>\n<div class=\"flex_column av_one_half  av-animated-generic bottom-to-top  flex_column_div av-zero-column-padding first  \" style='border-radius:0px; '><section class=\"av_textblock_section \"  itemscope=\"itemscope\" itemtype=\"https:\/\/schema.org\/CreativeWork\" ><div class='avia_textblock  '   itemprop=\"text\" ><p>VANACO BV akquiriert f\u00fcr unsere Gesch\u00e4ftspartner Auftr\u00e4ge in West Europa, wobei wir unsre Partner und seine Mitarbeitern von A bis Z begeleiten, beraten und betreuen hinsichtlich <strong>aller Facetten welche existieren bei internationaler Arbeitsbeschaffung<\/strong>, sowohl bevor, w\u00e4hrend und nach Fertigstellung der \u00fcbernommenen Projekte.<\/p>\n<p>Unsre Auftr\u00e4ge sind konkret begrenzte Fachtechnische Projekte. PROJECON EUROPE BV haftet und der Endverantwortliche ist und bleibt zust\u00e4ndig f\u00fcr die Qualit\u00e4t von den Auftr\u00e4gen. Wir dokumentieren dieses durch ehrliche und realisierbare Werkvertr\u00e4ge mit den Partnern. Sie arbeiten sehr eng zusammen mit unsren Projektleitern, welche t\u00e4glich auf die Arbeitstellen anwesend sind. Zusammen mit Ihren Projektleiter begeleiten Sie intensiv Ihren Mitarbeiter, sowohl auf dem Gebiet von deren Sachverst\u00e4ndnis aber auch was deren Arbeitshaltung \/ Arbeitsmotivation angeht. Der Projektleiter bespricht mit Ihnen den Einsatz Ihres qualifizierten Personals. Auf dieser Art und Weise garantieren wir die Qualit\u00e4t und Anschluss mit Auftraggeber auf jeder Lage.<\/p>\n<p>Der Projektleiter erstellt zusammen mit Ihrem Koordinator ein Tagesbericht und Wochenrapport. Wichtige Ausz\u00fcge werden wir Ihnen frequent zur Hand stellen \u2013 wie zum Beispiel Effektivit\u00e4tsberechnungen, Qualitative und Quantitative Beurteilungen mit den vor Ort t\u00e4tigen Teams \/ Mitarbeiter \u2013 so das Sie rechtzeitig in der Lage sind um gepasste Ma\u00dfnahmen durchzuf\u00fchren, eine perfekte Projektplanung und rechtzeitige Ausf\u00fchrung gew\u00e4hrleisten zu k\u00f6nnen.<\/p>\n<\/div><\/section><\/div><div class=\"flex_column av_one_half  av-animated-generic bottom-to-top  flex_column_div av-zero-column-padding   \" style='border-radius:0px; '><div class='avia-image-container  av-styling-    avia-align-center '  itemscope=\"itemscope\" itemtype=\"https:\/\/schema.org\/ImageObject\"  ><div class='avia-image-container-inner'><img class='avia_image ' src='https:\/\/www.vanaco.nl\/wp-content\/uploads\/2018\/03\/rawpixel-com-552390-unsplash.jpg' alt='' title='rawpixel-com-552390-unsplash'   itemprop=\"thumbnailUrl\"  \/><\/div><\/div><\/div><div class=\"flex_column av_one_half  av-animated-generic bottom-to-top  flex_column_div av-zero-column-padding first  \" style='border-radius:0px; '><div class='avia-image-container  av-styling-    avia-align-center '  itemscope=\"itemscope\" itemtype=\"https:\/\/schema.org\/ImageObject\"  ><div class='avia-image-container-inner'><img class='avia_image ' src='https:\/\/www.vanaco.nl\/wp-content\/uploads\/2018\/03\/helloquence-51716-unsplash.jpg' alt='' title='helloquence-51716-unsplash'   itemprop=\"thumbnailUrl\"  \/><\/div><\/div><\/div><div class=\"flex_column av_one_half  av-animated-generic bottom-to-top  flex_column_div av-zero-column-padding   \" style='border-radius:0px; '><section class=\"av_textblock_section \"  itemscope=\"itemscope\" itemtype=\"https:\/\/schema.org\/CreativeWork\" ><div class='avia_textblock  '   itemprop=\"text\" ><p>Gibt es (vertraglich festgelegt) Mehrarbeiten, dann werden diese durch unsre Projektleiter durchgerechnet, an unsren Kunden und nat\u00fcrlich besprochen mit- und best\u00e4tigt an Ihnen, so das auch Sie das VANACO BV berechnen k\u00f6nnen, nur so k\u00f6nnen alle beteiligten maximales Gewinne verzeichnen.<\/p>\n<p>Der Projektleiter beh\u00e4lt die Kontrolle \u00fcber z.B.: rechtzeitige Anlieferungen von Materialen und Materiellen, ebenso auf Anwesendheit von sichere und wirksame Werkzeuge sowie Ger\u00e4te\/Werkzeuge in sicheren Arbeitsumst\u00e4nden.<\/p>\n<p>Die Projektleiter sind w\u00e4hrend der B\u00fcrostunden Mobil st\u00e4ndig erreichbar und operieren wie Intermedi\u00e4r zwischen Ihnen und unsren Kunden \/ Auftraggebern.<\/p>\n<p>Au\u00dferdem kooperieren wir sehr eng mit unsren Trouble Shooters die fast augenblicklich verf\u00fcgbar sind; das sind Fachleute von Holland, Deutschland oder Belgien welchen wir blitzschnell einsetzen k\u00f6nnen um minimale \u00dcbel innerhalb zwei Arbeitstagen oder eben schneller kl\u00e4ren k\u00f6nnen. Auch wenn Ihr Projekt unter Zeitdruck steht \u2013 warum auch immer \u2013 k\u00f6nnen wir diese \u201eFeuerwehrbrigade\u201c einsetzen.<\/p>\n<\/div><\/section><\/div><div class=\"flex_column av_one_half  av-animated-generic bottom-to-top  flex_column_div av-zero-column-padding first  \" style='border-radius:0px; '><section class=\"av_textblock_section \"  itemscope=\"itemscope\" itemtype=\"https:\/\/schema.org\/CreativeWork\" ><div class='avia_textblock  '   itemprop=\"text\" ><p>Auf dieser Art und Weise vermeiden wir langfristige Zahlungsterminen wegen Mangel am Ende des (Teil von das) Projekts.<\/p>\n<p>Fast immer sind Folgeprojekte schon anwesend bevor Ihr Projekt beendet ist, wie normal bekommen Sie im Vorfeld schon die Pl\u00e4ne, Zeichnungen, Vorstellungen, Ideen, so das Sie sich perfekt vorbereiten k\u00f6nnen und sich entscheiden k\u00f6nnen ob Sie die Projekte dann \u00fcbernehmen m\u00f6chten.<\/p>\n<p>Wir werden die Projektversammlungen beiwohnen, Sicherheitsversammlungen, Toolboxmeetings, usw., und Ihnen informieren.<\/p>\n<p>Nebenan Projektbegleitung bieten wir Ihnen Beratung und Betreuung an in verschiedene Formen, wie Unterstuzung beim steuerliche \u2013 soziale\u00a0 \u2013 werkvertragliche und administrativen Verpflichtungen und Unterlagen welchen verpflichtet sind um legal und international arbeiten zu k\u00f6nnen, aber auch mBz. Unterk\u00fcnfte, Transport, Werkzeuge, Ger\u00e4te, Mobil Telefonkarten, Tankkarten, MwSt., Versicherungen, Produktionsnormen, West Europ\u00e4ische Arbeitsweisen und Systemen, usw&#8230;<\/p>\n<\/div><\/section><\/div><div class=\"flex_column av_one_half  av-animated-generic bottom-to-top  flex_column_div av-zero-column-padding   \" style='border-radius:0px; '><div class='avia-image-container  av-styling-    avia-align-center '  itemscope=\"itemscope\" itemtype=\"https:\/\/schema.org\/ImageObject\"  ><div class='avia-image-container-inner'><img class='avia_image ' src='https:\/\/www.vanaco.nl\/wp-content\/uploads\/2018\/03\/charles-forerunner-378-unsplash.jpg' alt='' title='charles-forerunner-378-unsplash'   itemprop=\"thumbnailUrl\"  \/><\/div><\/div><\/div><div class='avia-button-wrap avia-button-center '><a href='https:\/\/www.vanaco.nl\/index.php\/de\/kontakt\/' class='avia-button avia-button-fullwidth   avia-icon_select-no avia-color-theme-color '  style='color:#ffffff; ' ><span class='avia_iconbox_title' >Kontaktieren Sie uns<\/span><span class='avia_button_background avia-button avia-button-fullwidth avia-color-theme-color' ><\/span><\/a><\/div><\/p>\n","protected":false},"excerpt":{"rendered":"","protected":false},"author":1,"featured_media":0,"parent":0,"menu_order":0,"comment_status":"open","ping_status":"closed","template":"","meta":{"footnotes":""},"class_list":["post-594","page","type-page","status-publish","hentry"],"_links":{"self":[{"href":"https:\/\/www.vanaco.nl\/index.php\/wp-json\/wp\/v2\/pages\/594","targetHints":{"allow":["GET"]}}],"collection":[{"href":"https:\/\/www.vanaco.nl\/index.php\/wp-json\/wp\/v2\/pages"}],"about":[{"href":"https:\/\/www.vanaco.nl\/index.php\/wp-json\/wp\/v2\/types\/page"}],"author":[{"embeddable":true,"href":"https:\/\/www.vanaco.nl\/index.php\/wp-json\/wp\/v2\/users\/1"}],"replies":[{"embeddable":true,"href":"https:\/\/www.vanaco.nl\/index.php\/wp-json\/wp\/v2\/comments?post=594"}],"version-history":[{"count":3,"href":"https:\/\/www.vanaco.nl\/index.php\/wp-json\/wp\/v2\/pages\/594\/revisions"}],"predecessor-version":[{"id":620,"href":"https:\/\/www.vanaco.nl\/index.php\/wp-json\/wp\/v2\/pages\/594\/revisions\/620"}],"wp:attachment":[{"href":"https:\/\/www.vanaco.nl\/index.php\/wp-json\/wp\/v2\/media?parent=594"}],"curies":[{"name":"wp","href":"https:\/\/api.w.org\/{rel}","templated":true}]}}

</div></div></div><!-- close content main div --></div></div><div id='full_slider_1' class='avia-fullwidth-slider main_color avia-shadow   container_wrap fullsize'   ><div  data-size='featured_large'  data-lightbox_size='large'  data-animation='fade'  data-ids='526,525'  data-video_counter='0'  data-autoplay='false'  data-bg_slider='false'  data-slide_height=''  data-handle='av_slideshow_full'  data-interval='5'  data-class=' '  data-css_id=''  data-scroll_down=''  data-control_layout='av-control-minimal'  data-custom_markup=''  data-perma_caption=''  data-autoplay_stopper=''  data-image_attachment=''  data-min_height='500px'  data-src=''  data-position='top left'  data-repeat='no-repeat'  data-attach='scroll'  data-stretch=''  data-default-height='42'  class='avia-slideshow avia-slideshow-1  av-control-minimal av-default-height-applied avia-slideshow-featured_large av_slideshow_full   avia-fade-slider '  itemscope="itemscope" itemtype="https://schema.org/ImageObject" ><ul class='avia-slideshow-inner' style='padding-bottom: 42%;'><li  class=' slide-1 ' ><div data-rel='slideshow-1' class='avia-slide-wrap'  ><div class = "caption_fullwidth av-slideshow-caption caption_left"><div class = "container caption_container"><div class = "slideshow_caption"><div class = "slideshow_inner_caption"><div class = "slideshow_align_caption"><h2  style='font-size:30px; ' class='avia-caption-title '  itemprop="name" >Partner von VANACO BV</h2><div class='avia-caption-content  av_inherit_color'  itemprop="description"   style='font-size:15px; '><p>VANACO BV rekrutiert Verträge für seine ausländischen Partner in Westeuropa</p>
</div><a href='#partners'  class='avia-slideshow-button avia-button avia-color-light avia-multi-slideshow-button' data-duration='800' data-easing='easeInOutQuad'>Mehr lesen</a><a href='https://www.vanaco.nl/index.php/de/kontakt/'  class='avia-slideshow-button avia-button avia-color-light avia-multi-slideshow-button avia-slideshow-button-2' data-duration='800' data-easing='easeInOutQuad'>Kontakt</a></div></div></div></div></div><img src='https://www.vanaco.nl/wp-content/uploads/2018/03/partners2-1500x630.jpg' width='1500' height='630' title='partners2' alt=''  itemprop="thumbnailUrl"  style='min-height:500px; min-width:1191px; ' /></div></li><li  class=' slide-2 ' ><div data-rel='slideshow-1' class='avia-slide-wrap'  ><div class = "caption_fullwidth av-slideshow-caption caption_left"><div class = "container caption_container"><div class = "slideshow_caption"><div class = "slideshow_inner_caption"><div class = "slideshow_align_caption"><h2  style='font-size:30px; ' class='avia-caption-title '  itemprop="name" >Partners van VANACO BV</h2><div class='avia-caption-content  av_inherit_color'  itemprop="description"   style='font-size:15px; '><p>VANACO BV werft voor haar buitenlandse partners opdrachten in West-Europa</p>
</div><a href='#partners'  class='avia-slideshow-button avia-button avia-color-light avia-multi-slideshow-button' data-duration='800' data-easing='easeInOutQuad'>Lees meer</a><a href='https://www.vanaco.nl/index.php/contact/'  class='avia-slideshow-button avia-button avia-color-light avia-multi-slideshow-button avia-slideshow-button-2' data-duration='800' data-easing='easeInOutQuad'>Contact</a></div></div></div></div></div><img src='https://www.vanaco.nl/wp-content/uploads/2018/03/partners1-1500x630.jpg' width='1500' height='630' title='partners1' alt=''  itemprop="thumbnailUrl"  style='min-height:500px; min-width:1191px; ' /></div></li></ul><div class='avia-slideshow-arrows avia-slideshow-controls'><a href='#prev' class='prev-slide' aria-hidden='true' data-av_icon='' data-av_iconfont='entypo-fontello'>Vorige</a><a href='#next' class='next-slide' aria-hidden='true' data-av_icon='' data-av_iconfont='entypo-fontello'>Volgende</a></div><div class='avia-slideshow-dots avia-slideshow-controls'><a href='#1' class='goto-slide active' >1</a><a href='#2' class='goto-slide ' >2</a></div></div></div>
</div></div></div><!-- close content main div --></div></div><div id='partners' class='avia-section main_color avia-section-huge avia-no-border-styling avia-bg-style-scroll   container_wrap fullsize'   ><div class='container' ><div class='template-page content  av-content-full alpha units'><div class='post-entry post-entry-type-page post-entry-594'><div class='entry-content-wrapper clearfix'>
<div style='padding-bottom:20px;font-size:40px;' class='av-special-heading av-special-heading-h1  blockquote modern-quote modern-centered   av-inherit-size '><h1 class='av-special-heading-tag '  itemprop="headline"  >Partners</h1><div class='special-heading-border'><div class='special-heading-inner-border' ></div></div></div>
<div style='height:50px' class='hr hr-invisible  '><span class='hr-inner ' ><span class='hr-inner-style'></span></span></div>
<div class="flex_column av_one_half  av-animated-generic bottom-to-top  flex_column_div av-zero-column-padding first  " style='border-radius:0px; '><section class="av_textblock_section "  itemscope="itemscope" itemtype="https://schema.org/CreativeWork" ><div class='avia_textblock  '   itemprop="text" ><p>VANACO BV akquiriert für unsere Geschäftspartner Aufträge in West Europa, wobei wir unsre Partner und seine Mitarbeitern von A bis Z begeleiten, beraten und betreuen hinsichtlich <strong>aller Facetten welche existieren bei internationaler Arbeitsbeschaffung</strong>, sowohl bevor, während und nach Fertigstellung der übernommenen Projekte.</p>
<p>Unsre Aufträge sind konkret begrenzte Fachtechnische Projekte. PROJECON EUROPE BV haftet und der Endverantwortliche ist und bleibt zuständig für die Qualität von den Aufträgen. Wir dokumentieren dieses durch ehrliche und realisierbare Werkverträge mit den Partnern. Sie arbeiten sehr eng zusammen mit unsren Projektleitern, welche täglich auf die Arbeitstellen anwesend sind. Zusammen mit Ihren Projektleiter begeleiten Sie intensiv Ihren Mitarbeiter, sowohl auf dem Gebiet von deren Sachverständnis aber auch was deren Arbeitshaltung / Arbeitsmotivation angeht. Der Projektleiter bespricht mit Ihnen den Einsatz Ihres qualifizierten Personals. Auf dieser Art und Weise garantieren wir die Qualität und Anschluss mit Auftraggeber auf jeder Lage.</p>
<p>Der Projektleiter erstellt zusammen mit Ihrem Koordinator ein Tagesbericht und Wochenrapport. Wichtige Auszüge werden wir Ihnen frequent zur Hand stellen – wie zum Beispiel Effektivitätsberechnungen, Qualitative und Quantitative Beurteilungen mit den vor Ort tätigen Teams / Mitarbeiter – so das Sie rechtzeitig in der Lage sind um gepasste Maßnahmen durchzuführen, eine perfekte Projektplanung und rechtzeitige Ausführung gewährleisten zu können.</p>
</div></section></div><div class="flex_column av_one_half  av-animated-generic bottom-to-top  flex_column_div av-zero-column-padding   " style='border-radius:0px; '><div class='avia-image-container  av-styling-    avia-align-center '  itemscope="itemscope" itemtype="https://schema.org/ImageObject"  ><div class='avia-image-container-inner'><img class='avia_image ' src='https://www.vanaco.nl/wp-content/uploads/2018/03/rawpixel-com-552390-unsplash.jpg' alt='' title='rawpixel-com-552390-unsplash'   itemprop="thumbnailUrl"  /></div></div></div><div class="flex_column av_one_half  av-animated-generic bottom-to-top  flex_column_div av-zero-column-padding first  " style='border-radius:0px; '><div class='avia-image-container  av-styling-    avia-align-center '  itemscope="itemscope" itemtype="https://schema.org/ImageObject"  ><div class='avia-image-container-inner'><img class='avia_image ' src='https://www.vanaco.nl/wp-content/uploads/2018/03/helloquence-51716-unsplash.jpg' alt='' title='helloquence-51716-unsplash'   itemprop="thumbnailUrl"  /></div></div></div><div class="flex_column av_one_half  av-animated-generic bottom-to-top  flex_column_div av-zero-column-padding   " style='border-radius:0px; '><section class="av_textblock_section "  itemscope="itemscope" itemtype="https://schema.org/CreativeWork" ><div class='avia_textblock  '   itemprop="text" ><p>Gibt es (vertraglich festgelegt) Mehrarbeiten, dann werden diese durch unsre Projektleiter durchgerechnet, an unsren Kunden und natürlich besprochen mit- und bestätigt an Ihnen, so das auch Sie das VANACO BV berechnen können, nur so können alle beteiligten maximales Gewinne verzeichnen.</p>
<p>Der Projektleiter behält die Kontrolle über z.B.: rechtzeitige Anlieferungen von Materialen und Materiellen, ebenso auf Anwesendheit von sichere und wirksame Werkzeuge sowie Geräte/Werkzeuge in sicheren Arbeitsumständen.</p>
<p>Die Projektleiter sind während der Bürostunden Mobil ständig erreichbar und operieren wie Intermediär zwischen Ihnen und unsren Kunden / Auftraggebern.</p>
<p>Außerdem kooperieren wir sehr eng mit unsren Trouble Shooters die fast augenblicklich verfügbar sind; das sind Fachleute von Holland, Deutschland oder Belgien welchen wir blitzschnell einsetzen können um minimale Übel innerhalb zwei Arbeitstagen oder eben schneller klären können. Auch wenn Ihr Projekt unter Zeitdruck steht – warum auch immer – können wir diese „Feuerwehrbrigade“ einsetzen.</p>
</div></section></div><div class="flex_column av_one_half  av-animated-generic bottom-to-top  flex_column_div av-zero-column-padding first  " style='border-radius:0px; '><section class="av_textblock_section "  itemscope="itemscope" itemtype="https://schema.org/CreativeWork" ><div class='avia_textblock  '   itemprop="text" ><p>Auf dieser Art und Weise vermeiden wir langfristige Zahlungsterminen wegen Mangel am Ende des (Teil von das) Projekts.</p>
<p>Fast immer sind Folgeprojekte schon anwesend bevor Ihr Projekt beendet ist, wie normal bekommen Sie im Vorfeld schon die Pläne, Zeichnungen, Vorstellungen, Ideen, so das Sie sich perfekt vorbereiten können und sich entscheiden können ob Sie die Projekte dann übernehmen möchten.</p>
<p>Wir werden die Projektversammlungen beiwohnen, Sicherheitsversammlungen, Toolboxmeetings, usw., und Ihnen informieren.</p>
<p>Nebenan Projektbegleitung bieten wir Ihnen Beratung und Betreuung an in verschiedene Formen, wie Unterstuzung beim steuerliche – soziale  – werkvertragliche und administrativen Verpflichtungen und Unterlagen welchen verpflichtet sind um legal und international arbeiten zu können, aber auch mBz. Unterkünfte, Transport, Werkzeuge, Geräte, Mobil Telefonkarten, Tankkarten, MwSt., Versicherungen, Produktionsnormen, West Europäische Arbeitsweisen und Systemen, usw&#8230;</p>
</div></section></div><div class="flex_column av_one_half  av-animated-generic bottom-to-top  flex_column_div av-zero-column-padding   " style='border-radius:0px; '><div class='avia-image-container  av-styling-    avia-align-center '  itemscope="itemscope" itemtype="https://schema.org/ImageObject"  ><div class='avia-image-container-inner'><img class='avia_image ' src='https://www.vanaco.nl/wp-content/uploads/2018/03/charles-forerunner-378-unsplash.jpg' alt='' title='charles-forerunner-378-unsplash'   itemprop="thumbnailUrl"  /></div></div></div><div class='avia-button-wrap avia-button-center '><a href='https://www.vanaco.nl/index.php/de/kontakt/' class='avia-button avia-button-fullwidth   avia-icon_select-no avia-color-theme-color '  style='color:#ffffff; ' ><span class='avia_iconbox_title' >Kontaktieren Sie uns</span><span class='avia_button_background avia-button avia-button-fullwidth avia-color-theme-color' ></span></a></div></p>
